{"id":1635,"date":"2020-06-17T21:51:21","date_gmt":"2020-06-17T19:51:21","guid":{"rendered":"https:\/\/hu.andersen.com\/?post_type=team-member&#038;p=1635"},"modified":"2025-02-18T16:03:51","modified_gmt":"2025-02-18T15:03:51","slug":"matuss-gabor","status":"publish","type":"team-member","link":"https:\/\/hu.andersen.com\/hu\/adotanacsado-munkatars\/matuss-gabor\/","title":{"rendered":"Matuss G\u00e1bor"},"content":{"rendered":"\n<p>G\u00e1bor 2019-ben csatlakozott az Andersenhez, miut\u00e1n 14 \u00e9vet t\u00f6lt\u00f6tt az EY ad\u00f3oszt\u00e1ly\u00e1n, k\u00fcl\u00f6nb\u00f6z\u0151 poz\u00edci\u00f3kban. Mind a k\u00f6zvetlen, mind a k\u00f6zvetett ad\u00f3k ter\u00fclet\u00e9n jelent\u0151s tapasztalattal rendelkezik. Szakter\u00fclete &#8211; t\u00f6bbek k\u00f6z\u00f6tt &#8211; az ad\u00f3hat\u00e9kony megold\u00e1sok kidolgoz\u00e1sa \u00e9s implement\u00e1l\u00e1sa, \u00edgy \u00e1tstruktur\u00e1l\u00e1sokkal, t\u00e1mogat\u00e1sokkal \u00e9s ad\u00f3\u00f6szt\u00f6nz\u0151kkel, valamint k\u00fcl\u00f6nf\u00e9le juttat\u00e1si programokkal egyar\u00e1nt foglalkozik.<\/p>\n\n\n\n<p>G\u00e1bor \u00fcgyfelei k\u00fcl\u00f6nf\u00e9le ipar\u00e1gakban tev\u00e9kenykednek, de jelent\u0151s r\u00e9sz\u00fck az energiaiparban, illetve az ingatlanszektorban m\u0171k\u00f6dik.<\/p>\n\n\n\n<p>G\u00e1bor jelent\u0151s tapasztalattal rendelkezik az ad\u00f3vit\u00e1k \u00e9s peres \u00fcgyek ter\u00e9n, valamint a P\u00e9nz\u00fcgyminiszt\u00e9riumnak beny\u00fajtand\u00f3 k\u00e9relmek el\u0151k\u00e9sz\u00edt\u00e9s\u00e9ben \u00e9s t\u00e1rgyal\u00e1s\u00e1ban (felt\u00e9teles ad\u00f3meg\u00e1llap\u00edt\u00e1sok, ir\u00e1nymutat\u00e1sok, ad\u00f3jogi v\u00e1ltoz\u00e1sok).<\/p>\n","protected":false},"excerpt":{"rendered":"<p>G\u00e1bor 2019-ben csatlakozott az Andersenhez, miut\u00e1n 14 \u00e9vet t\u00f6lt\u00f6tt az EY ad\u00f3oszt\u00e1ly\u00e1n, k\u00fcl\u00f6nb\u00f6z\u0151 poz\u00edci\u00f3kban.<\/p>\n","protected":false},"featured_media":1292,"menu_order":60,"template":"","meta":{"_acf_changed":false,"_genesis_hide_title":false,"_genesis_hide_breadcrumbs":false,"_genesis_hide_singular_image":false,"_genesis_hide_footer_widgets":false,"_genesis_custom_body_class":"","_genesis_custom_post_class":"","_genesis_layout":"","footnotes":""},"class_list":{"0":"post-1635","1":"team-member","2":"type-team-member","3":"status-publish","4":"has-post-thumbnail","6":"entry"},"acf":[],"yoast_head":"<!-- This site is optimized with the Yoast SEO Premium plugin v27.4 (Yoast SEO v27.4) - https:\/\/yoast.com\/product\/yoast-seo-premium-wordpress\/ -->\n<title>Matuss G\u00e1bor - Andersen Magyarorsz\u00e1g<\/title>\n<meta name=\"description\" content=\"G\u00e1bor 2019-ben csatlakozott az Andersenhez, miut\u00e1n 14 \u00e9vet t\u00f6lt\u00f6tt az EY ad\u00f3oszt\u00e1ly\u00e1n, k\u00fcl\u00f6nb\u00f6z\u0151 poz\u00edci\u00f3kban.\" \/>\n<meta name=\"robots\" content=\"index, follow, max-snippet:-1, max-image-preview:large, max-video-preview:-1\" \/>\n<link rel=\"canonical\" href=\"https:\/\/hu.andersen.com\/hu\/adotanacsado-munkatars\/matuss-gabor\/\" \/>\n<meta property=\"og:locale\" content=\"hu_HU\" \/>\n<meta property=\"og:type\" content=\"article\" \/>\n<meta property=\"og:title\" content=\"Matuss G\u00e1bor\" \/>\n<meta property=\"og:description\" content=\"G\u00e1bor 2019-ben csatlakozott az Andersenhez, miut\u00e1n 14 \u00e9vet t\u00f6lt\u00f6tt az EY ad\u00f3oszt\u00e1ly\u00e1n, k\u00fcl\u00f6nb\u00f6z\u0151 poz\u00edci\u00f3kban.\" \/>\n<meta property=\"og:url\" content=\"https:\/\/hu.andersen.com\/hu\/adotanacsado-munkatars\/matuss-gabor\/\" \/>\n<meta property=\"og:site_name\" content=\"Andersen Magyarorsz\u00e1g\" \/>\n<meta property=\"article:modified_time\" content=\"2025-02-18T15:03:51+00:00\" \/>\n<meta property=\"og:image\" content=\"https:\/\/hu.andersen.com\/wp-content\/uploads\/2020\/05\/gbor-matuss-kiemelt.jpg\" \/>\n\t<meta property=\"og:image:width\" content=\"201\" \/>\n\t<meta property=\"og:image:height\" content=\"201\" \/>\n\t<meta property=\"og:image:type\" content=\"image\/jpeg\" \/>\n<meta name=\"twitter:card\" content=\"summary_large_image\" \/>\n<meta name=\"twitter:label1\" content=\"Becs\u00fclt olvas\u00e1si id\u0151\" \/>\n\t<meta name=\"twitter:data1\" content=\"1 perc\" \/>\n<script type=\"application\/ld+json\" class=\"yoast-schema-graph\">{\"@context\":\"https:\\\/\\\/schema.org\",\"@graph\":[{\"@type\":\"WebPage\",\"@id\":\"https:\\\/\\\/hu.andersen.com\\\/hu\\\/adotanacsado-munkatars\\\/matuss-gabor\\\/\",\"url\":\"https:\\\/\\\/hu.andersen.com\\\/hu\\\/adotanacsado-munkatars\\\/matuss-gabor\\\/\",\"name\":\"Matuss G\u00e1bor - Andersen Magyarorsz\u00e1g\",\"isPartOf\":{\"@id\":\"https:\\\/\\\/hu.andersen.com\\\/#website\"},\"primaryImageOfPage\":{\"@id\":\"https:\\\/\\\/hu.andersen.com\\\/hu\\\/adotanacsado-munkatars\\\/matuss-gabor\\\/#primaryimage\"},\"image\":{\"@id\":\"https:\\\/\\\/hu.andersen.com\\\/hu\\\/adotanacsado-munkatars\\\/matuss-gabor\\\/#primaryimage\"},\"thumbnailUrl\":\"https:\\\/\\\/hu.andersen.com\\\/wp-content\\\/uploads\\\/2020\\\/05\\\/gbor-matuss-kiemelt.jpg\",\"datePublished\":\"2020-06-17T19:51:21+00:00\",\"dateModified\":\"2025-02-18T15:03:51+00:00\",\"description\":\"G\u00e1bor 2019-ben csatlakozott az Andersenhez, miut\u00e1n 14 \u00e9vet t\u00f6lt\u00f6tt az EY ad\u00f3oszt\u00e1ly\u00e1n, k\u00fcl\u00f6nb\u00f6z\u0151 poz\u00edci\u00f3kban.\",\"breadcrumb\":{\"@id\":\"https:\\\/\\\/hu.andersen.com\\\/hu\\\/adotanacsado-munkatars\\\/matuss-gabor\\\/#breadcrumb\"},\"inLanguage\":\"hu\",\"potentialAction\":[{\"@type\":\"ReadAction\",\"target\":[\"https:\\\/\\\/hu.andersen.com\\\/hu\\\/adotanacsado-munkatars\\\/matuss-gabor\\\/\"]}]},{\"@type\":\"ImageObject\",\"inLanguage\":\"hu\",\"@id\":\"https:\\\/\\\/hu.andersen.com\\\/hu\\\/adotanacsado-munkatars\\\/matuss-gabor\\\/#primaryimage\",\"url\":\"https:\\\/\\\/hu.andersen.com\\\/wp-content\\\/uploads\\\/2020\\\/05\\\/gbor-matuss-kiemelt.jpg\",\"contentUrl\":\"https:\\\/\\\/hu.andersen.com\\\/wp-content\\\/uploads\\\/2020\\\/05\\\/gbor-matuss-kiemelt.jpg\",\"width\":201,\"height\":201,\"caption\":\"Matuss G\u00e1bor - partner - Andersen\"},{\"@type\":\"BreadcrumbList\",\"@id\":\"https:\\\/\\\/hu.andersen.com\\\/hu\\\/adotanacsado-munkatars\\\/matuss-gabor\\\/#breadcrumb\",\"itemListElement\":[{\"@type\":\"ListItem\",\"position\":1,\"name\":\"Kezd\u0151lap\",\"item\":\"https:\\\/\\\/hu.andersen.com\\\/hu\\\/\"},{\"@type\":\"ListItem\",\"position\":2,\"name\":\"Tax Team\",\"item\":\"https:\\\/\\\/hu.andersen.com\\\/team-member\\\/\"},{\"@type\":\"ListItem\",\"position\":3,\"name\":\"Matuss G\u00e1bor\"}]},{\"@type\":\"WebSite\",\"@id\":\"https:\\\/\\\/hu.andersen.com\\\/#website\",\"url\":\"https:\\\/\\\/hu.andersen.com\\\/\",\"name\":\"Andersen In Hungary\",\"description\":\"Ad\u00f3tan\u00e1csad\u00e1s \u00e9s jogi tan\u00e1csad\u00e1s\",\"potentialAction\":[{\"@type\":\"SearchAction\",\"target\":{\"@type\":\"EntryPoint\",\"urlTemplate\":\"https:\\\/\\\/hu.andersen.com\\\/?s={search_term_string}\"},\"query-input\":{\"@type\":\"PropertyValueSpecification\",\"valueRequired\":true,\"valueName\":\"search_term_string\"}}],\"inLanguage\":\"hu\"}]}<\/script>\n<!-- \/ Yoast SEO Premium plugin. -->","yoast_head_json":{"title":"Matuss G\u00e1bor - Andersen Magyarorsz\u00e1g","description":"G\u00e1bor 2019-ben csatlakozott az Andersenhez, miut\u00e1n 14 \u00e9vet t\u00f6lt\u00f6tt az EY ad\u00f3oszt\u00e1ly\u00e1n, k\u00fcl\u00f6nb\u00f6z\u0151 poz\u00edci\u00f3kban.","robots":{"index":"index","follow":"follow","max-snippet":"max-snippet:-1","max-image-preview":"max-image-preview:large","max-video-preview":"max-video-preview:-1"},"canonical":"https:\/\/hu.andersen.com\/hu\/adotanacsado-munkatars\/matuss-gabor\/","og_locale":"hu_HU","og_type":"article","og_title":"Matuss G\u00e1bor","og_description":"G\u00e1bor 2019-ben csatlakozott az Andersenhez, miut\u00e1n 14 \u00e9vet t\u00f6lt\u00f6tt az EY ad\u00f3oszt\u00e1ly\u00e1n, k\u00fcl\u00f6nb\u00f6z\u0151 poz\u00edci\u00f3kban.","og_url":"https:\/\/hu.andersen.com\/hu\/adotanacsado-munkatars\/matuss-gabor\/","og_site_name":"Andersen Magyarorsz\u00e1g","article_modified_time":"2025-02-18T15:03:51+00:00","og_image":[{"width":201,"height":201,"url":"https:\/\/hu.andersen.com\/wp-content\/uploads\/2020\/05\/gbor-matuss-kiemelt.jpg","type":"image\/jpeg"}],"twitter_card":"summary_large_image","twitter_misc":{"Becs\u00fclt olvas\u00e1si id\u0151":"1 perc"},"schema":{"@context":"https:\/\/schema.org","@graph":[{"@type":"WebPage","@id":"https:\/\/hu.andersen.com\/hu\/adotanacsado-munkatars\/matuss-gabor\/","url":"https:\/\/hu.andersen.com\/hu\/adotanacsado-munkatars\/matuss-gabor\/","name":"Matuss G\u00e1bor - Andersen Magyarorsz\u00e1g","isPartOf":{"@id":"https:\/\/hu.andersen.com\/#website"},"primaryImageOfPage":{"@id":"https:\/\/hu.andersen.com\/hu\/adotanacsado-munkatars\/matuss-gabor\/#primaryimage"},"image":{"@id":"https:\/\/hu.andersen.com\/hu\/adotanacsado-munkatars\/matuss-gabor\/#primaryimage"},"thumbnailUrl":"https:\/\/hu.andersen.com\/wp-content\/uploads\/2020\/05\/gbor-matuss-kiemelt.jpg","datePublished":"2020-06-17T19:51:21+00:00","dateModified":"2025-02-18T15:03:51+00:00","description":"G\u00e1bor 2019-ben csatlakozott az Andersenhez, miut\u00e1n 14 \u00e9vet t\u00f6lt\u00f6tt az EY ad\u00f3oszt\u00e1ly\u00e1n, k\u00fcl\u00f6nb\u00f6z\u0151 poz\u00edci\u00f3kban.","breadcrumb":{"@id":"https:\/\/hu.andersen.com\/hu\/adotanacsado-munkatars\/matuss-gabor\/#breadcrumb"},"inLanguage":"hu","potentialAction":[{"@type":"ReadAction","target":["https:\/\/hu.andersen.com\/hu\/adotanacsado-munkatars\/matuss-gabor\/"]}]},{"@type":"ImageObject","inLanguage":"hu","@id":"https:\/\/hu.andersen.com\/hu\/adotanacsado-munkatars\/matuss-gabor\/#primaryimage","url":"https:\/\/hu.andersen.com\/wp-content\/uploads\/2020\/05\/gbor-matuss-kiemelt.jpg","contentUrl":"https:\/\/hu.andersen.com\/wp-content\/uploads\/2020\/05\/gbor-matuss-kiemelt.jpg","width":201,"height":201,"caption":"Matuss G\u00e1bor - partner - Andersen"},{"@type":"BreadcrumbList","@id":"https:\/\/hu.andersen.com\/hu\/adotanacsado-munkatars\/matuss-gabor\/#breadcrumb","itemListElement":[{"@type":"ListItem","position":1,"name":"Kezd\u0151lap","item":"https:\/\/hu.andersen.com\/hu\/"},{"@type":"ListItem","position":2,"name":"Tax Team","item":"https:\/\/hu.andersen.com\/team-member\/"},{"@type":"ListItem","position":3,"name":"Matuss G\u00e1bor"}]},{"@type":"WebSite","@id":"https:\/\/hu.andersen.com\/#website","url":"https:\/\/hu.andersen.com\/","name":"Andersen In Hungary","description":"Ad\u00f3tan\u00e1csad\u00e1s \u00e9s jogi tan\u00e1csad\u00e1s","potentialAction":[{"@type":"SearchAction","target":{"@type":"EntryPoint","urlTemplate":"https:\/\/hu.andersen.com\/?s={search_term_string}"},"query-input":{"@type":"PropertyValueSpecification","valueRequired":true,"valueName":"search_term_string"}}],"inLanguage":"hu"}]}},"_links":{"self":[{"href":"https:\/\/hu.andersen.com\/hu\/wp-json\/wp\/v2\/team-member\/1635","targetHints":{"allow":["GET"]}}],"collection":[{"href":"https:\/\/hu.andersen.com\/hu\/wp-json\/wp\/v2\/team-member"}],"about":[{"href":"https:\/\/hu.andersen.com\/hu\/wp-json\/wp\/v2\/types\/team-member"}],"version-history":[{"count":4,"href":"https:\/\/hu.andersen.com\/hu\/wp-json\/wp\/v2\/team-member\/1635\/revisions"}],"predecessor-version":[{"id":12698,"href":"https:\/\/hu.andersen.com\/hu\/wp-json\/wp\/v2\/team-member\/1635\/revisions\/12698"}],"wp:featuredmedia":[{"embeddable":true,"href":"https:\/\/hu.andersen.com\/hu\/wp-json\/wp\/v2\/media\/1292"}],"wp:attachment":[{"href":"https:\/\/hu.andersen.com\/hu\/wp-json\/wp\/v2\/media?parent=1635"}],"curies":[{"name":"wp","href":"https:\/\/api.w.org\/{rel}","templated":true}]}}

Matuss Gábor

<p>Gábor 2019-ben csatlakozott az Andersenhez, miután 14 évet töltött az EY adóosztályán, különböző pozíciókban. Mind a közvetlen, mind a közvetett adók területén jelentős tapasztalattal rendelkezik. Szakterülete &#8211; többek között &#8211; az adóhatékony megoldások kidolgozása és implementálása, így átstrukturálásokkal, támogatásokkal és adóösztönzőkkel, valamint különféle juttatási programokkal egyaránt foglalkozik.</p>



<p>Gábor ügyfelei különféle iparágakban tevékenykednek, de jelentős részük az energiaiparban, illetve az ingatlanszektorban működik.</p>



<p>Gábor jelentős tapasztalattal rendelkezik az adóviták és peres ügyek terén, valamint a Pénzügyminisztériumnak benyújtandó kérelmek előkészítésében és tárgyalásában (feltételes adómegállapítások, iránymutatások, adójogi változások).</p>

<p>Gábor 2019-ben csatlakozott az Andersenhez, miután 14 évet töltött az EY adóosztályán, különböző pozíciókban.</p>

<!-- This site is optimized with the Yoast SEO Premium plugin v27.4 (Yoast SEO v27.4) - https://yoast.com/product/yoast-seo-premium-wordpress/ -->
<title>Matuss Gábor - Andersen Magyarország</title>
<meta name="description" content="Gábor 2019-ben csatlakozott az Andersenhez, miután 14 évet töltött az EY adóosztályán, különböző pozíciókban." />
<meta name="robots" content="index, follow, max-snippet:-1, max-image-preview:large, max-video-preview:-1" />
<link rel="canonical" href="https://hu.andersen.com/hu/adotanacsado-munkatars/matuss-gabor/" />
<meta property="og:locale" content="hu_HU" />
<meta property="og:type" content="article" />
<meta property="og:title" content="Matuss Gábor" />
<meta property="og:description" content="Gábor 2019-ben csatlakozott az Andersenhez, miután 14 évet töltött az EY adóosztályán, különböző pozíciókban." />
<meta property="og:url" content="https://hu.andersen.com/hu/adotanacsado-munkatars/matuss-gabor/" />
<meta property="og:site_name" content="Andersen Magyarország" />
<meta property="article:modified_time" content="2025-02-18T15:03:51+00:00" />
<meta property="og:image" content="https://hu.andersen.com/wp-content/uploads/2020/05/gbor-matuss-kiemelt.jpg" />
	<meta property="og:image:width" content="201" />
	<meta property="og:image:height" content="201" />
	<meta property="og:image:type" content="image/jpeg" />
<meta name="twitter:card" content="summary_large_image" />
<meta name="twitter:label1" content="Becsült olvasási idő" />
	<meta name="twitter:data1" content="1 perc" />
<script type="application/ld+json" class="yoast-schema-graph">{"@context":"https:\/\/schema.org","@graph":[{"@type":"WebPage","@id":"https:\/\/hu.andersen.com\/hu\/adotanacsado-munkatars\/matuss-gabor\/","url":"https:\/\/hu.andersen.com\/hu\/adotanacsado-munkatars\/matuss-gabor\/","name":"Matuss Gábor - Andersen Magyarország","isPartOf":{"@id":"https:\/\/hu.andersen.com\/#website"},"primaryImageOfPage":{"@id":"https:\/\/hu.andersen.com\/hu\/adotanacsado-munkatars\/matuss-gabor\/#primaryimage"},"image":{"@id":"https:\/\/hu.andersen.com\/hu\/adotanacsado-munkatars\/matuss-gabor\/#primaryimage"},"thumbnailUrl":"https:\/\/hu.andersen.com\/wp-content\/uploads\/2020\/05\/gbor-matuss-kiemelt.jpg","datePublished":"2020-06-17T19:51:21+00:00","dateModified":"2025-02-18T15:03:51+00:00","description":"Gábor 2019-ben csatlakozott az Andersenhez, miután 14 évet töltött az EY adóosztályán, különböző pozíciókban.","breadcrumb":{"@id":"https:\/\/hu.andersen.com\/hu\/adotanacsado-munkatars\/matuss-gabor\/#breadcrumb"},"inLanguage":"hu","potentialAction":[{"@type":"ReadAction","target":["https:\/\/hu.andersen.com\/hu\/adotanacsado-munkatars\/matuss-gabor\/"]}]},{"@type":"ImageObject","inLanguage":"hu","@id":"https:\/\/hu.andersen.com\/hu\/adotanacsado-munkatars\/matuss-gabor\/#primaryimage","url":"https:\/\/hu.andersen.com\/wp-content\/uploads\/2020\/05\/gbor-matuss-kiemelt.jpg","contentUrl":"https:\/\/hu.andersen.com\/wp-content\/uploads\/2020\/05\/gbor-matuss-kiemelt.jpg","width":201,"height":201,"caption":"Matuss Gábor - partner - Andersen"},{"@type":"BreadcrumbList","@id":"https:\/\/hu.andersen.com\/hu\/adotanacsado-munkatars\/matuss-gabor\/#breadcrumb","itemListElement":[{"@type":"ListItem","position":1,"name":"Kezdőlap","item":"https:\/\/hu.andersen.com\/hu\/"},{"@type":"ListItem","position":2,"name":"Tax Team","item":"https:\/\/hu.andersen.com\/team-member\/"},{"@type":"ListItem","position":3,"name":"Matuss Gábor"}]},{"@type":"WebSite","@id":"https:\/\/hu.andersen.com\/#website","url":"https:\/\/hu.andersen.com\/","name":"Andersen In Hungary","description":"Adótanácsadás és jogi tanácsadás","potentialAction":[{"@type":"SearchAction","target":{"@type":"EntryPoint","urlTemplate":"https:\/\/hu.andersen.com\/?s={search_term_string}"},"query-input":{"@type":"PropertyValueSpecification","valueRequired":true,"valueName":"search_term_string"}}],"inLanguage":"hu"}]}</script>
<!-- / Yoast SEO Premium plugin. -->

Matuss Gábor - Andersen Magyarország

Gábor 2019-ben csatlakozott az Andersenhez, miután 14 évet töltött az EY adóosztályán, különböző pozíciókban.

Andersen Magyarország

Matuss Gábor - partner - Andersen

Kezdőlap

Adótanácsadás és jogi tanácsadás
