{"id":1639,"date":"2020-06-17T21:52:46","date_gmt":"2020-06-17T19:52:46","guid":{"rendered":"https:\/\/hu.andersen.com\/?post_type=team-member&#038;p=1639"},"modified":"2025-02-18T16:14:16","modified_gmt":"2025-02-18T15:14:16","slug":"hegedus-sandor","status":"publish","type":"team-member","link":"https:\/\/hu.andersen.com\/hu\/adotanacsado-munkatars\/hegedus-sandor\/","title":{"rendered":"Heged\u00fcs S\u00e1ndor"},"content":{"rendered":"\n<p>S\u00e1ndor p\u00e9nz\u00fcgyi \u00e9s sz\u00e1mviteli k\u00e9pes\u00edt\u00e9ssel, illetve t\u00f6bb mint 20 \u00e9ves ad\u00f3szak\u00e9rt\u0151i tapasztalattal rendelkezik. 2000-ben kezdte el karrierj\u00e9t az ad\u00f3hat\u00f3s\u00e1gn\u00e1l, ahol ad\u00f3ellen\u0151rk\u00e9nt dolgozott. 2002-ben csatlakozott a BDO-hoz, ahol ad\u00f3szak\u00e9rt\u0151k\u00e9nt \u00e9s v\u00e9g\u00fcl igazgat\u00f3k\u00e9nt t\u00e1mogatta az \u00fcgyfeleket. 2008-t\u00f3l a DTM Hungary \u00e9s az RSM Hungary ad\u00f3oszt\u00e1ly\u00e1nak volt a vezet\u0151je. 2019-ben igazgat\u00f3k\u00e9nt csatlakozott az Andersenhez.<\/p>\n\n\n\n<p>Ad\u00f3tan\u00e1csad\u00f3i tapasztalata sz\u00e9les k\u00f6r\u0171, \u00fcgyfeleit \u00e1ltal\u00e1nos ad\u00f3tan\u00e1csad\u00e1si szolg\u00e1ltat\u00e1sokkal seg\u00edtette folyamatban l\u00e9v\u0151 \u00fcgyeikkel kapcsolatban. Sz\u00e1mos helyi \u00e9s multinacion\u00e1lis \u00e1tstruktur\u00e1l\u00e1si \u00e9s akviz\u00edci\u00f3s projektet is t\u00e1mogatott.<\/p>\n\n\n\n<p>Ad\u00f3\u00fcgyi szakter\u00fcletek: c\u00e9gcsoport-\u00e1tstruktur\u00e1l\u00e1s, ad\u00f3\u00e1tvil\u00e1g\u00edt\u00e1s, munkav\u00e1llal\u00f3i \u00f6szt\u00f6nz\u0151 rendszerek, ad\u00f3hat\u00e9kony holding strukt\u00fara kialak\u00edt\u00e1sa \u00e9s transzfer\u00e1raz\u00e1s.<\/p>\n","protected":false},"excerpt":{"rendered":"<p>S\u00e1ndor p\u00e9nz\u00fcgyi \u00e9s sz\u00e1mviteli k\u00e9pes\u00edt\u00e9ssel \u00e9s majdnem 20 \u00e9ves ad\u00f3szak\u00e9rt\u0151i tapasztalattal rendelkezik.<\/p>\n","protected":false},"featured_media":1328,"menu_order":45,"template":"","meta":{"_acf_changed":false,"_genesis_hide_title":false,"_genesis_hide_breadcrumbs":false,"_genesis_hide_singular_image":false,"_genesis_hide_footer_widgets":false,"_genesis_custom_body_class":"","_genesis_custom_post_class":"","_genesis_layout":"","footnotes":""},"class_list":{"0":"post-1639","1":"team-member","2":"type-team-member","3":"status-publish","4":"has-post-thumbnail","6":"entry"},"acf":[],"yoast_head":"<!-- This site is optimized with the Yoast SEO Premium plugin v27.4 (Yoast SEO v27.4) - https:\/\/yoast.com\/product\/yoast-seo-premium-wordpress\/ -->\n<title>Heged\u00fcs S\u00e1ndor - Andersen Magyarorsz\u00e1g<\/title>\n<meta name=\"description\" content=\"S\u00e1ndor p\u00e9nz\u00fcgyi \u00e9s sz\u00e1mviteli k\u00e9pes\u00edt\u00e9ssel, illetve t\u00f6bb mint 20 \u00e9ves ad\u00f3szak\u00e9rt\u0151i tapasztalattal rendelkezik.\" \/>\n<meta name=\"robots\" content=\"index, follow, max-snippet:-1, max-image-preview:large, max-video-preview:-1\" \/>\n<link rel=\"canonical\" href=\"https:\/\/hu.andersen.com\/hu\/adotanacsado-munkatars\/hegedus-sandor\/\" \/>\n<meta property=\"og:locale\" content=\"hu_HU\" \/>\n<meta property=\"og:type\" content=\"article\" \/>\n<meta property=\"og:title\" content=\"Heged\u00fcs S\u00e1ndor\" \/>\n<meta property=\"og:description\" content=\"S\u00e1ndor p\u00e9nz\u00fcgyi \u00e9s sz\u00e1mviteli k\u00e9pes\u00edt\u00e9ssel, illetve t\u00f6bb mint 20 \u00e9ves ad\u00f3szak\u00e9rt\u0151i tapasztalattal rendelkezik.\" \/>\n<meta property=\"og:url\" content=\"https:\/\/hu.andersen.com\/hu\/adotanacsado-munkatars\/hegedus-sandor\/\" \/>\n<meta property=\"og:site_name\" content=\"Andersen Magyarorsz\u00e1g\" \/>\n<meta property=\"article:modified_time\" content=\"2025-02-18T15:14:16+00:00\" \/>\n<meta property=\"og:image\" content=\"https:\/\/hu.andersen.com\/wp-content\/uploads\/2020\/05\/sndor-hegeds-kiemelt.jpg\" \/>\n\t<meta property=\"og:image:width\" content=\"201\" \/>\n\t<meta property=\"og:image:height\" content=\"201\" \/>\n\t<meta property=\"og:image:type\" content=\"image\/jpeg\" \/>\n<meta name=\"twitter:card\" content=\"summary_large_image\" \/>\n<meta name=\"twitter:label1\" content=\"Becs\u00fclt olvas\u00e1si id\u0151\" \/>\n\t<meta name=\"twitter:data1\" content=\"1 perc\" \/>\n<script type=\"application\/ld+json\" class=\"yoast-schema-graph\">{\"@context\":\"https:\\\/\\\/schema.org\",\"@graph\":[{\"@type\":\"WebPage\",\"@id\":\"https:\\\/\\\/hu.andersen.com\\\/hu\\\/adotanacsado-munkatars\\\/hegedus-sandor\\\/\",\"url\":\"https:\\\/\\\/hu.andersen.com\\\/hu\\\/adotanacsado-munkatars\\\/hegedus-sandor\\\/\",\"name\":\"Heged\u00fcs S\u00e1ndor - Andersen Magyarorsz\u00e1g\",\"isPartOf\":{\"@id\":\"https:\\\/\\\/hu.andersen.com\\\/#website\"},\"primaryImageOfPage\":{\"@id\":\"https:\\\/\\\/hu.andersen.com\\\/hu\\\/adotanacsado-munkatars\\\/hegedus-sandor\\\/#primaryimage\"},\"image\":{\"@id\":\"https:\\\/\\\/hu.andersen.com\\\/hu\\\/adotanacsado-munkatars\\\/hegedus-sandor\\\/#primaryimage\"},\"thumbnailUrl\":\"https:\\\/\\\/hu.andersen.com\\\/wp-content\\\/uploads\\\/2020\\\/05\\\/sndor-hegeds-kiemelt.jpg\",\"datePublished\":\"2020-06-17T19:52:46+00:00\",\"dateModified\":\"2025-02-18T15:14:16+00:00\",\"description\":\"S\u00e1ndor p\u00e9nz\u00fcgyi \u00e9s sz\u00e1mviteli k\u00e9pes\u00edt\u00e9ssel, illetve t\u00f6bb mint 20 \u00e9ves ad\u00f3szak\u00e9rt\u0151i tapasztalattal rendelkezik.\",\"breadcrumb\":{\"@id\":\"https:\\\/\\\/hu.andersen.com\\\/hu\\\/adotanacsado-munkatars\\\/hegedus-sandor\\\/#breadcrumb\"},\"inLanguage\":\"hu\",\"potentialAction\":[{\"@type\":\"ReadAction\",\"target\":[\"https:\\\/\\\/hu.andersen.com\\\/hu\\\/adotanacsado-munkatars\\\/hegedus-sandor\\\/\"]}]},{\"@type\":\"ImageObject\",\"inLanguage\":\"hu\",\"@id\":\"https:\\\/\\\/hu.andersen.com\\\/hu\\\/adotanacsado-munkatars\\\/hegedus-sandor\\\/#primaryimage\",\"url\":\"https:\\\/\\\/hu.andersen.com\\\/wp-content\\\/uploads\\\/2020\\\/05\\\/sndor-hegeds-kiemelt.jpg\",\"contentUrl\":\"https:\\\/\\\/hu.andersen.com\\\/wp-content\\\/uploads\\\/2020\\\/05\\\/sndor-hegeds-kiemelt.jpg\",\"width\":201,\"height\":201,\"caption\":\"Heged\u00fcs S\u00e1ndor - igazgat\u00f3 - Andersen\"},{\"@type\":\"BreadcrumbList\",\"@id\":\"https:\\\/\\\/hu.andersen.com\\\/hu\\\/adotanacsado-munkatars\\\/hegedus-sandor\\\/#breadcrumb\",\"itemListElement\":[{\"@type\":\"ListItem\",\"position\":1,\"name\":\"Kezd\u0151lap\",\"item\":\"https:\\\/\\\/hu.andersen.com\\\/hu\\\/\"},{\"@type\":\"ListItem\",\"position\":2,\"name\":\"Tax Team\",\"item\":\"https:\\\/\\\/hu.andersen.com\\\/team-member\\\/\"},{\"@type\":\"ListItem\",\"position\":3,\"name\":\"Heged\u00fcs S\u00e1ndor\"}]},{\"@type\":\"WebSite\",\"@id\":\"https:\\\/\\\/hu.andersen.com\\\/#website\",\"url\":\"https:\\\/\\\/hu.andersen.com\\\/\",\"name\":\"Andersen In Hungary\",\"description\":\"Ad\u00f3tan\u00e1csad\u00e1s \u00e9s jogi tan\u00e1csad\u00e1s\",\"potentialAction\":[{\"@type\":\"SearchAction\",\"target\":{\"@type\":\"EntryPoint\",\"urlTemplate\":\"https:\\\/\\\/hu.andersen.com\\\/?s={search_term_string}\"},\"query-input\":{\"@type\":\"PropertyValueSpecification\",\"valueRequired\":true,\"valueName\":\"search_term_string\"}}],\"inLanguage\":\"hu\"}]}<\/script>\n<!-- \/ Yoast SEO Premium plugin. -->","yoast_head_json":{"title":"Heged\u00fcs S\u00e1ndor - Andersen Magyarorsz\u00e1g","description":"S\u00e1ndor p\u00e9nz\u00fcgyi \u00e9s sz\u00e1mviteli k\u00e9pes\u00edt\u00e9ssel, illetve t\u00f6bb mint 20 \u00e9ves ad\u00f3szak\u00e9rt\u0151i tapasztalattal rendelkezik.","robots":{"index":"index","follow":"follow","max-snippet":"max-snippet:-1","max-image-preview":"max-image-preview:large","max-video-preview":"max-video-preview:-1"},"canonical":"https:\/\/hu.andersen.com\/hu\/adotanacsado-munkatars\/hegedus-sandor\/","og_locale":"hu_HU","og_type":"article","og_title":"Heged\u00fcs S\u00e1ndor","og_description":"S\u00e1ndor p\u00e9nz\u00fcgyi \u00e9s sz\u00e1mviteli k\u00e9pes\u00edt\u00e9ssel, illetve t\u00f6bb mint 20 \u00e9ves ad\u00f3szak\u00e9rt\u0151i tapasztalattal rendelkezik.","og_url":"https:\/\/hu.andersen.com\/hu\/adotanacsado-munkatars\/hegedus-sandor\/","og_site_name":"Andersen Magyarorsz\u00e1g","article_modified_time":"2025-02-18T15:14:16+00:00","og_image":[{"width":201,"height":201,"url":"https:\/\/hu.andersen.com\/wp-content\/uploads\/2020\/05\/sndor-hegeds-kiemelt.jpg","type":"image\/jpeg"}],"twitter_card":"summary_large_image","twitter_misc":{"Becs\u00fclt olvas\u00e1si id\u0151":"1 perc"},"schema":{"@context":"https:\/\/schema.org","@graph":[{"@type":"WebPage","@id":"https:\/\/hu.andersen.com\/hu\/adotanacsado-munkatars\/hegedus-sandor\/","url":"https:\/\/hu.andersen.com\/hu\/adotanacsado-munkatars\/hegedus-sandor\/","name":"Heged\u00fcs S\u00e1ndor - Andersen Magyarorsz\u00e1g","isPartOf":{"@id":"https:\/\/hu.andersen.com\/#website"},"primaryImageOfPage":{"@id":"https:\/\/hu.andersen.com\/hu\/adotanacsado-munkatars\/hegedus-sandor\/#primaryimage"},"image":{"@id":"https:\/\/hu.andersen.com\/hu\/adotanacsado-munkatars\/hegedus-sandor\/#primaryimage"},"thumbnailUrl":"https:\/\/hu.andersen.com\/wp-content\/uploads\/2020\/05\/sndor-hegeds-kiemelt.jpg","datePublished":"2020-06-17T19:52:46+00:00","dateModified":"2025-02-18T15:14:16+00:00","description":"S\u00e1ndor p\u00e9nz\u00fcgyi \u00e9s sz\u00e1mviteli k\u00e9pes\u00edt\u00e9ssel, illetve t\u00f6bb mint 20 \u00e9ves ad\u00f3szak\u00e9rt\u0151i tapasztalattal rendelkezik.","breadcrumb":{"@id":"https:\/\/hu.andersen.com\/hu\/adotanacsado-munkatars\/hegedus-sandor\/#breadcrumb"},"inLanguage":"hu","potentialAction":[{"@type":"ReadAction","target":["https:\/\/hu.andersen.com\/hu\/adotanacsado-munkatars\/hegedus-sandor\/"]}]},{"@type":"ImageObject","inLanguage":"hu","@id":"https:\/\/hu.andersen.com\/hu\/adotanacsado-munkatars\/hegedus-sandor\/#primaryimage","url":"https:\/\/hu.andersen.com\/wp-content\/uploads\/2020\/05\/sndor-hegeds-kiemelt.jpg","contentUrl":"https:\/\/hu.andersen.com\/wp-content\/uploads\/2020\/05\/sndor-hegeds-kiemelt.jpg","width":201,"height":201,"caption":"Heged\u00fcs S\u00e1ndor - igazgat\u00f3 - Andersen"},{"@type":"BreadcrumbList","@id":"https:\/\/hu.andersen.com\/hu\/adotanacsado-munkatars\/hegedus-sandor\/#breadcrumb","itemListElement":[{"@type":"ListItem","position":1,"name":"Kezd\u0151lap","item":"https:\/\/hu.andersen.com\/hu\/"},{"@type":"ListItem","position":2,"name":"Tax Team","item":"https:\/\/hu.andersen.com\/team-member\/"},{"@type":"ListItem","position":3,"name":"Heged\u00fcs S\u00e1ndor"}]},{"@type":"WebSite","@id":"https:\/\/hu.andersen.com\/#website","url":"https:\/\/hu.andersen.com\/","name":"Andersen In Hungary","description":"Ad\u00f3tan\u00e1csad\u00e1s \u00e9s jogi tan\u00e1csad\u00e1s","potentialAction":[{"@type":"SearchAction","target":{"@type":"EntryPoint","urlTemplate":"https:\/\/hu.andersen.com\/?s={search_term_string}"},"query-input":{"@type":"PropertyValueSpecification","valueRequired":true,"valueName":"search_term_string"}}],"inLanguage":"hu"}]}},"_links":{"self":[{"href":"https:\/\/hu.andersen.com\/hu\/wp-json\/wp\/v2\/team-member\/1639","targetHints":{"allow":["GET"]}}],"collection":[{"href":"https:\/\/hu.andersen.com\/hu\/wp-json\/wp\/v2\/team-member"}],"about":[{"href":"https:\/\/hu.andersen.com\/hu\/wp-json\/wp\/v2\/types\/team-member"}],"version-history":[{"count":4,"href":"https:\/\/hu.andersen.com\/hu\/wp-json\/wp\/v2\/team-member\/1639\/revisions"}],"predecessor-version":[{"id":12704,"href":"https:\/\/hu.andersen.com\/hu\/wp-json\/wp\/v2\/team-member\/1639\/revisions\/12704"}],"wp:featuredmedia":[{"embeddable":true,"href":"https:\/\/hu.andersen.com\/hu\/wp-json\/wp\/v2\/media\/1328"}],"wp:attachment":[{"href":"https:\/\/hu.andersen.com\/hu\/wp-json\/wp\/v2\/media?parent=1639"}],"curies":[{"name":"wp","href":"https:\/\/api.w.org\/{rel}","templated":true}]}}

Hegedüs Sándor

<p>Sándor pénzügyi és számviteli képesítéssel, illetve több mint 20 éves adószakértői tapasztalattal rendelkezik. 2000-ben kezdte el karrierjét az adóhatóságnál, ahol adóellenőrként dolgozott. 2002-ben csatlakozott a BDO-hoz, ahol adószakértőként és végül igazgatóként támogatta az ügyfeleket. 2008-tól a DTM Hungary és az RSM Hungary adóosztályának volt a vezetője. 2019-ben igazgatóként csatlakozott az Andersenhez.</p>



<p>Adótanácsadói tapasztalata széles körű, ügyfeleit általános adótanácsadási szolgáltatásokkal segítette folyamatban lévő ügyeikkel kapcsolatban. Számos helyi és multinacionális átstrukturálási és akvizíciós projektet is támogatott.</p>



<p>Adóügyi szakterületek: cégcsoport-átstrukturálás, adóátvilágítás, munkavállalói ösztönző rendszerek, adóhatékony holding struktúra kialakítása és transzferárazás.</p>

<p>Sándor pénzügyi és számviteli képesítéssel és majdnem 20 éves adószakértői tapasztalattal rendelkezik.</p>

<!-- This site is optimized with the Yoast SEO Premium plugin v27.4 (Yoast SEO v27.4) - https://yoast.com/product/yoast-seo-premium-wordpress/ -->
<title>Hegedüs Sándor - Andersen Magyarország</title>
<meta name="description" content="Sándor pénzügyi és számviteli képesítéssel, illetve több mint 20 éves adószakértői tapasztalattal rendelkezik." />
<meta name="robots" content="index, follow, max-snippet:-1, max-image-preview:large, max-video-preview:-1" />
<link rel="canonical" href="https://hu.andersen.com/hu/adotanacsado-munkatars/hegedus-sandor/" />
<meta property="og:locale" content="hu_HU" />
<meta property="og:type" content="article" />
<meta property="og:title" content="Hegedüs Sándor" />
<meta property="og:description" content="Sándor pénzügyi és számviteli képesítéssel, illetve több mint 20 éves adószakértői tapasztalattal rendelkezik." />
<meta property="og:url" content="https://hu.andersen.com/hu/adotanacsado-munkatars/hegedus-sandor/" />
<meta property="og:site_name" content="Andersen Magyarország" />
<meta property="article:modified_time" content="2025-02-18T15:14:16+00:00" />
<meta property="og:image" content="https://hu.andersen.com/wp-content/uploads/2020/05/sndor-hegeds-kiemelt.jpg" />
	<meta property="og:image:width" content="201" />
	<meta property="og:image:height" content="201" />
	<meta property="og:image:type" content="image/jpeg" />
<meta name="twitter:card" content="summary_large_image" />
<meta name="twitter:label1" content="Becsült olvasási idő" />
	<meta name="twitter:data1" content="1 perc" />
<script type="application/ld+json" class="yoast-schema-graph">{"@context":"https:\/\/schema.org","@graph":[{"@type":"WebPage","@id":"https:\/\/hu.andersen.com\/hu\/adotanacsado-munkatars\/hegedus-sandor\/","url":"https:\/\/hu.andersen.com\/hu\/adotanacsado-munkatars\/hegedus-sandor\/","name":"Hegedüs Sándor - Andersen Magyarország","isPartOf":{"@id":"https:\/\/hu.andersen.com\/#website"},"primaryImageOfPage":{"@id":"https:\/\/hu.andersen.com\/hu\/adotanacsado-munkatars\/hegedus-sandor\/#primaryimage"},"image":{"@id":"https:\/\/hu.andersen.com\/hu\/adotanacsado-munkatars\/hegedus-sandor\/#primaryimage"},"thumbnailUrl":"https:\/\/hu.andersen.com\/wp-content\/uploads\/2020\/05\/sndor-hegeds-kiemelt.jpg","datePublished":"2020-06-17T19:52:46+00:00","dateModified":"2025-02-18T15:14:16+00:00","description":"Sándor pénzügyi és számviteli képesítéssel, illetve több mint 20 éves adószakértői tapasztalattal rendelkezik.","breadcrumb":{"@id":"https:\/\/hu.andersen.com\/hu\/adotanacsado-munkatars\/hegedus-sandor\/#breadcrumb"},"inLanguage":"hu","potentialAction":[{"@type":"ReadAction","target":["https:\/\/hu.andersen.com\/hu\/adotanacsado-munkatars\/hegedus-sandor\/"]}]},{"@type":"ImageObject","inLanguage":"hu","@id":"https:\/\/hu.andersen.com\/hu\/adotanacsado-munkatars\/hegedus-sandor\/#primaryimage","url":"https:\/\/hu.andersen.com\/wp-content\/uploads\/2020\/05\/sndor-hegeds-kiemelt.jpg","contentUrl":"https:\/\/hu.andersen.com\/wp-content\/uploads\/2020\/05\/sndor-hegeds-kiemelt.jpg","width":201,"height":201,"caption":"Hegedüs Sándor - igazgató - Andersen"},{"@type":"BreadcrumbList","@id":"https:\/\/hu.andersen.com\/hu\/adotanacsado-munkatars\/hegedus-sandor\/#breadcrumb","itemListElement":[{"@type":"ListItem","position":1,"name":"Kezdőlap","item":"https:\/\/hu.andersen.com\/hu\/"},{"@type":"ListItem","position":2,"name":"Tax Team","item":"https:\/\/hu.andersen.com\/team-member\/"},{"@type":"ListItem","position":3,"name":"Hegedüs Sándor"}]},{"@type":"WebSite","@id":"https:\/\/hu.andersen.com\/#website","url":"https:\/\/hu.andersen.com\/","name":"Andersen In Hungary","description":"Adótanácsadás és jogi tanácsadás","potentialAction":[{"@type":"SearchAction","target":{"@type":"EntryPoint","urlTemplate":"https:\/\/hu.andersen.com\/?s={search_term_string}"},"query-input":{"@type":"PropertyValueSpecification","valueRequired":true,"valueName":"search_term_string"}}],"inLanguage":"hu"}]}</script>
<!-- / Yoast SEO Premium plugin. -->

Hegedüs Sándor - Andersen Magyarország

Sándor pénzügyi és számviteli képesítéssel, illetve több mint 20 éves adószakértői tapasztalattal rendelkezik.

Andersen Magyarország

Hegedüs Sándor - igazgató - Andersen

Kezdőlap

Adótanácsadás és jogi tanácsadás
